{"id":296,"date":"2025-07-01T19:29:01","date_gmt":"2025-07-01T19:29:01","guid":{"rendered":"https:\/\/ellutanskanen.fi\/?page_id=296"},"modified":"2026-01-28T19:08:50","modified_gmt":"2026-01-28T19:08:50","slug":"etusivu-2","status":"publish","type":"page","link":"https:\/\/ellutanskanen.fi\/","title":{"rendered":"Etusivu"},"content":{"rendered":"<p>[et_pb_section fb_built=&#8221;1&#8243; admin_label=&#8221;Vaihtuva kuva&#8221; _builder_version=&#8221;4.21.0&#8243; _module_preset=&#8221;default&#8221; custom_margin=&#8221;0px||||false|false&#8221; custom_margin_tablet=&#8221;-19px||||false|false&#8221; custom_margin_phone=&#8221;0px||||false|false&#8221; custom_margin_last_edited=&#8221;on|phone&#8221; custom_padding=&#8221;0px||0px||true|false&#8221; global_colors_info=&#8221;{}&#8221;][et_pb_row _builder_version=&#8221;4.21.0&#8243; _module_preset=&#8221;default&#8221; width=&#8221;100%&#8221; custom_padding=&#8221;0px||0px||true|false&#8221; global_colors_info=&#8221;{}&#8221;][et_pb_column type=&#8221;4_4&#8243; _builder_version=&#8221;4.21.0&#8243; _module_preset=&#8221;default&#8221; global_colors_info=&#8221;{}&#8221;][et_pb_slider show_arrows=&#8221;off&#8221; show_pagination=&#8221;off&#8221; use_bg_overlay=&#8221;off&#8221; admin_label=&#8221;Slider&#8221; _builder_version=&#8221;4.21.0&#8243; _module_preset=&#8221;default&#8221; background_color=&#8221;RGBA(255,255,255,0)&#8221; width=&#8221;100%&#8221; max_width=&#8221;100%&#8221; content_max_width=&#8221;100%&#8221; min_height=&#8221;1000px&#8221; min_height_tablet=&#8221;1000px&#8221; min_height_phone=&#8221;408px&#8221; min_height_last_edited=&#8221;on|phone&#8221; height=&#8221;1000px&#8221; height_tablet=&#8221;1000px&#8221; height_phone=&#8221;600px&#8221; height_last_edited=&#8221;on|phone&#8221; max_height=&#8221;600px&#8221; custom_margin=&#8221;-160px||||false|false&#8221; custom_margin_tablet=&#8221;-160px||||false|false&#8221; custom_margin_phone=&#8221;-160px||||false|false&#8221; custom_margin_last_edited=&#8221;on|desktop&#8221; auto=&#8221;on&#8221; auto_speed=&#8221;3000&#8243; auto_ignore_hover=&#8221;on&#8221; hover_transition_duration=&#8221;3000ms&#8221; hover_transition_speed_curve=&#8221;ease-in-out&#8221; hover_enabled=&#8221;0&#8243; global_colors_info=&#8221;{}&#8221; sticky_enabled=&#8221;0&#8243;][et_pb_slide admin_title=&#8221;Etusivu Lapsi ja auringonkukka&#8221; _builder_version=&#8221;4.21.0&#8243; _module_preset=&#8221;default&#8221; background_color=&#8221;RGBA(255,255,255,0)&#8221; background_enable_color=&#8221;on&#8221; background_image=&#8221;https:\/\/ellutanskanen.fi\/wp-content\/uploads\/2026\/01\/Elina.Tanskanen-14-2-scaled.jpg&#8221; background_enable_image=&#8221;on&#8221; background_position=&#8221;top_center&#8221; background_vertical_offset=&#8221;48%&#8221; background_last_edited=&#8221;on|phone&#8221; global_colors_info=&#8221;{}&#8221; sticky_transition=&#8221;on&#8221;][\/et_pb_slide][et_pb_slide admin_title=&#8221;Etusivu h\u00e4\u00e4kuva&#8221; _builder_version=&#8221;4.21.0&#8243; _module_preset=&#8221;default&#8221; background_color=&#8221;RGBA(255,255,255,0)&#8221; background_enable_color=&#8221;on&#8221; background_image=&#8221;https:\/\/ellutanskanen.fi\/wp-content\/uploads\/2026\/01\/Elina.Tanskanen-65-2-scaled.jpg&#8221; background_enable_image=&#8221;on&#8221; background_position=&#8221;top_center&#8221; background_vertical_offset=&#8221;7%&#8221; hover_enabled=&#8221;0&#8243; background_last_edited=&#8221;on|phone&#8221; background_vertical_offset_phone=&#8221;-28%&#8221; global_colors_info=&#8221;{}&#8221; sticky_transition=&#8221;on&#8221; sticky_enabled=&#8221;0&#8243;][\/et_pb_slide][et_pb_slide admin_title=&#8221;Etusivu odotuskuva&#8221; _builder_version=&#8221;4.21.0&#8243; _module_preset=&#8221;default&#8221; background_color=&#8221;RGBA(255,255,255,0)&#8221; background_enable_color=&#8221;on&#8221; background_image=&#8221;https:\/\/ellutanskanen.fi\/wp-content\/uploads\/2026\/01\/Elina.Tanskanen-22-scaled.jpg&#8221; background_enable_image=&#8221;on&#8221; background_position=&#8221;top_center&#8221; background_vertical_offset=&#8221;51%&#8221; background_last_edited=&#8221;on|phone&#8221; background_vertical_offset_phone=&#8221;-24%&#8221; global_colors_info=&#8221;{}&#8221; sticky_transition=&#8221;on&#8221;][\/et_pb_slide][et_pb_slide admin_title=&#8221;Etusivu h\u00e4\u00e4pari porvoossa&#8221; _builder_version=&#8221;4.21.0&#8243; _module_preset=&#8221;default&#8221; background_color=&#8221;RGBA(255,255,255,0)&#8221; background_enable_color=&#8221;on&#8221; background_image=&#8221;https:\/\/ellutanskanen.fi\/wp-content\/uploads\/2026\/01\/Elina.Tanskanen-25-scaled.jpg&#8221; background_enable_image=&#8221;on&#8221; background_position=&#8221;top_center&#8221; background_vertical_offset=&#8221;20%&#8221; background_last_edited=&#8221;on|phone&#8221; background_vertical_offset_phone=&#8221;-24%&#8221; global_colors_info=&#8221;{}&#8221; sticky_transition=&#8221;on&#8221;][\/et_pb_slide][et_pb_slide admin_title=&#8221;Etusivu Tilda&#8221; _builder_version=&#8221;4.21.0&#8243; _module_preset=&#8221;default&#8221; background_color=&#8221;RGBA(255,255,255,0)&#8221; background_enable_color=&#8221;on&#8221; background_image=&#8221;https:\/\/ellutanskanen.fi\/wp-content\/uploads\/2025\/07\/etusivu-3-scaled.jpg&#8221; background_enable_image=&#8221;on&#8221; background_position=&#8221;top_center&#8221; background_vertical_offset=&#8221;32%&#8221; global_colors_info=&#8221;{}&#8221; sticky_transition=&#8221;on&#8221;]<\/p>\n<p>&nbsp;<\/p>\n<p>&nbsp;<\/p>\n<p>[\/et_pb_slide][et_pb_slide admin_title=&#8221;Etusivu Noora&#8221; _builder_version=&#8221;4.21.0&#8243; _module_preset=&#8221;default&#8221; background_color=&#8221;RGBA(255,255,255,0)&#8221; background_enable_color=&#8221;on&#8221; background_image=&#8221;https:\/\/ellutanskanen.fi\/wp-content\/uploads\/2025\/07\/etusivu-5-scaled.jpg&#8221; background_enable_image=&#8221;on&#8221; background_position=&#8221;top_center&#8221; background_vertical_offset=&#8221;54%&#8221; global_colors_info=&#8221;{}&#8221; sticky_transition=&#8221;on&#8221;][\/et_pb_slide][et_pb_slide admin_title=&#8221;Etusivu ilona&#8221; _builder_version=&#8221;4.21.0&#8243; _module_preset=&#8221;default&#8221; background_color=&#8221;RGBA(255,255,255,0)&#8221; background_enable_color=&#8221;on&#8221; background_image=&#8221;https:\/\/ellutanskanen.fi\/wp-content\/uploads\/2026\/01\/Elina.Tanskanen-19-2-scaled.jpg&#8221; background_enable_image=&#8221;on&#8221; background_position=&#8221;top_center&#8221; background_vertical_offset=&#8221;51%&#8221; background_last_edited=&#8221;on|phone&#8221; background_vertical_offset_phone=&#8221;-24%&#8221; global_colors_info=&#8221;{}&#8221; sticky_transition=&#8221;on&#8221;][\/et_pb_slide][et_pb_slide admin_title=&#8221;Etusivu kalliot&#8221; _builder_version=&#8221;4.21.0&#8243; _module_preset=&#8221;default&#8221; background_color=&#8221;RGBA(255,255,255,0)&#8221; background_enable_color=&#8221;on&#8221; background_image=&#8221;https:\/\/ellutanskanen.fi\/wp-content\/uploads\/2026\/01\/Elina.Tanskanen-15-scaled.jpg&#8221; background_enable_image=&#8221;on&#8221; background_position=&#8221;top_center&#8221; background_vertical_offset=&#8221;4%&#8221; hover_enabled=&#8221;0&#8243; background_last_edited=&#8221;on|phone&#8221; background_vertical_offset_phone=&#8221;-34%&#8221; global_colors_info=&#8221;{}&#8221; sticky_transition=&#8221;on&#8221; sticky_enabled=&#8221;0&#8243;][\/et_pb_slide][\/et_pb_slider][\/et_pb_column][\/et_pb_row][\/et_pb_section][et_pb_section fb_built=&#8221;1&#8243; admin_label=&#8221;Section&#8221; _builder_version=&#8221;4.21.0&#8243; _module_preset=&#8221;default&#8221; custom_padding=&#8221;0px||0px|||&#8221; global_colors_info=&#8221;{}&#8221;][et_pb_row _builder_version=&#8221;4.21.0&#8243; _module_preset=&#8221;default&#8221; min_height=&#8221;96.6px&#8221; custom_padding=&#8221;10px||0px||false|false&#8221; global_colors_info=&#8221;{}&#8221;][et_pb_column type=&#8221;4_4&#8243; _builder_version=&#8221;4.21.0&#8243; _module_preset=&#8221;default&#8221; global_colors_info=&#8221;{}&#8221;][et_pb_text _builder_version=&#8221;4.21.0&#8243; _module_preset=&#8221;default&#8221; text_font=&#8221;Abhaya Libre||||||||&#8221; header_4_font=&#8221;Great Vibes||||||||&#8221; header_4_font_size=&#8221;29px&#8221; text_orientation=&#8221;center&#8221; custom_padding=&#8221;16px||||false|false&#8221; animation_style=&#8221;fade&#8221; animation_speed_curve=&#8221;ease-in&#8221; scroll_fade_enable=&#8221;off&#8221; animation_duration_tablet=&#8221;&#8221; animation_duration_phone=&#8221;&#8221; animation_duration_last_edited=&#8221;on|phone&#8221; global_colors_info=&#8221;{}&#8221;]<\/p>\n<h4><span style=\"font-weight: 400;\">Unelma valokuvaamisesta. <\/span><\/h4>\n<h4><span style=\"font-weight: 400;\">Suurista ja pienist\u00e4 hetkist\u00e4, juuri sinusta. <\/span><\/h4>\n<p>[\/et_pb_text][\/et_pb_column][\/et_pb_row][\/et_pb_section][et_pb_section fb_built=&#8221;1&#8243; _builder_version=&#8221;4.21.0&#8243; _module_preset=&#8221;default&#8221; custom_padding=&#8221;0px|||||&#8221; global_colors_info=&#8221;{}&#8221;][et_pb_row _builder_version=&#8221;4.21.0&#8243; _module_preset=&#8221;default&#8221; min_height=&#8221;96.6px&#8221; custom_padding=&#8221;56px|||||&#8221; global_colors_info=&#8221;{}&#8221;][et_pb_column type=&#8221;4_4&#8243; _builder_version=&#8221;4.21.0&#8243; _module_preset=&#8221;default&#8221; global_colors_info=&#8221;{}&#8221;][et_pb_text content_tablet=&#8221;<\/p>\n<p><span style=%22font-weight: 400;%22>Ihana ett\u00e4 l\u00f6ysit sivuilleni. <\/span><\/p>\n<p><span style=%22font-weight: 400;%22>Haluan ikuistaa valokuvien muodossa sinut. Perheesi, lapsesi, onnet, rakkaudet, surut, muutokset, juhlat. <\/span><span style=%22font-weight: 400;%22>N\u00e4ytt\u00e4\u00e4 miten ihmeellisi\u00e4 ovat ne vilahtavat hymyt, kiprist\u00e4v\u00e4t varpaat ja toisen k\u00e4den suojassa oleva k\u00e4si. <\/span><\/p>\n<p><span style=%22font-weight: 400;%22>Otathan yhteytt\u00e4, jos haluat l\u00e4hte\u00e4 kanssani kokeilemaan mit\u00e4 yhdess\u00e4 saadaan aikaan. Lupaan antaa kaikkeni sille hetkelle. Sinulle. Teille.<\/span><\/p>\n<p>&#8221; content_phone=&#8221;<\/p>\n<p><span style=%22font-weight: 400;%22>Ihana ett\u00e4 l\u00f6ysit sivuilleni. <\/span><\/p>\n<p><span style=%22font-weight: 400;%22>Haluan ikuistaa valokuvien muodossa Sinut. Perheesi, lapsesi. Onnet, rakkaudet, surut, muutokset, juhlat. <\/span><\/p>\n<p><span style=%22font-weight: 400;%22>N\u00e4ytt\u00e4\u00e4 miten ihmeellisi\u00e4 ovat ne vilahtavat hymyt, kiprist\u00e4v\u00e4t varpaat ja toisen k\u00e4den suojassa oleva k\u00e4si. <\/span><\/p>\n<p><span style=%22font-weight: 400;%22>Otathan yhteytt\u00e4, jos haluat l\u00e4hte\u00e4 kanssani luomaan jotain ainutlaatuista. Lupaan antaa kaikkeni sille hetkelle. <\/span><\/p>\n<p><span style=%22font-weight: 400;%22>Sinulle. Teille.<\/span><\/p>\n<p>&#8221; content_last_edited=&#8221;on|desktop&#8221; _builder_version=&#8221;4.21.0&#8243; _module_preset=&#8221;default&#8221; text_font=&#8221;Abhaya Libre||||||||&#8221; text_font_size=&#8221;17px&#8221; text_orientation=&#8221;center&#8221; animation_style=&#8221;fade&#8221; animation_speed_curve=&#8221;ease-in&#8221; text_font_size_tablet=&#8221;17px&#8221; text_font_size_phone=&#8221;17px&#8221; text_font_size_last_edited=&#8221;on|desktop&#8221; global_colors_info=&#8221;{}&#8221;]<\/p>\n<p><span style=\"font-weight: 400;\">Ihana ett\u00e4 l\u00f6ysit sivuilleni.\u00a0<\/span><\/p>\n<p><span style=\"font-weight: 400;\">Haluan ikuistaa valokuvien muodossa Sinut. Perheesi, lapsesi. Onnet, rakkaudet, surut, muutokset, juhlat. <\/span><\/p>\n<p><span style=\"font-weight: 400;\">N\u00e4ytt\u00e4\u00e4 miten ihmeellisi\u00e4 ovat ne vilahtavat hymyt, kiprist\u00e4v\u00e4t varpaat ja toisen k\u00e4den suojassa oleva k\u00e4si.\u00a0<\/span><\/p>\n<p><span style=\"font-weight: 400;\">Otathan yhteytt\u00e4, jos haluat l\u00e4hte\u00e4 kanssani luomaan jotain ainutlaatuista. Lupaan antaa kaikkeni sille hetkelle. Sinulle. Teille.<\/span><\/p>\n<p>[\/et_pb_text][\/et_pb_column][\/et_pb_row][\/et_pb_section]<\/p>\n","protected":false},"excerpt":{"rendered":"<p>&nbsp; &nbsp;Unelma valokuvaamisesta. Suurista ja pienist\u00e4 hetkist\u00e4, juuri sinusta. Ihana ett\u00e4 l\u00f6ysit sivuilleni.\u00a0 Haluan ikuistaa valokuvien muodossa Sinut. Perheesi, lapsesi. Onnet, rakkaudet, surut, muutokset, juhlat. N\u00e4ytt\u00e4\u00e4 miten ihmeellisi\u00e4 ovat ne vilahtavat hymyt, kiprist\u00e4v\u00e4t varpaat ja toisen k\u00e4den suojassa oleva k\u00e4si.\u00a0 Otathan yhteytt\u00e4, jos haluat l\u00e4hte\u00e4 kanssani luomaan jotain ainutlaatuista. Lupaan antaa kaikkeni sille hetkelle. Sinulle. [&hellip;]<\/p>\n","protected":false},"author":1,"featured_media":0,"parent":0,"menu_order":0,"comment_status":"closed","ping_status":"closed","template":"","meta":{"_et_pb_use_builder":"on","_et_pb_old_content":"","_et_gb_content_width":"","footnotes":""},"class_list":["post-296","page","type-page","status-publish","hentry"],"yoast_head":"<!-- This site is optimized with the Yoast SEO plugin v26.8 - https:\/\/yoast.com\/product\/yoast-seo-wordpress\/ -->\n<title>Etusivu - Elina Tanskanen valokuvaus<\/title>\n<meta name=\"robots\" content=\"index, follow, max-snippet:-1, max-image-preview:large, max-video-preview:-1\" \/>\n<link rel=\"canonical\" href=\"https:\/\/ellutanskanen.fi\/\" \/>\n<meta property=\"og:locale\" content=\"fi_FI\" \/>\n<meta property=\"og:type\" content=\"article\" \/>\n<meta property=\"og:title\" content=\"Etusivu - Elina Tanskanen valokuvaus\" \/>\n<meta property=\"og:description\" content=\"&nbsp; &nbsp;Unelma valokuvaamisesta. Suurista ja pienist\u00e4 hetkist\u00e4, juuri sinusta. Ihana ett\u00e4 l\u00f6ysit sivuilleni.\u00a0 Haluan ikuistaa valokuvien muodossa Sinut. Perheesi, lapsesi. Onnet, rakkaudet, surut, muutokset, juhlat. N\u00e4ytt\u00e4\u00e4 miten ihmeellisi\u00e4 ovat ne vilahtavat hymyt, kiprist\u00e4v\u00e4t varpaat ja toisen k\u00e4den suojassa oleva k\u00e4si.\u00a0 Otathan yhteytt\u00e4, jos haluat l\u00e4hte\u00e4 kanssani luomaan jotain ainutlaatuista. Lupaan antaa kaikkeni sille hetkelle. Sinulle. [&hellip;]\" \/>\n<meta property=\"og:url\" content=\"https:\/\/ellutanskanen.fi\/\" \/>\n<meta property=\"og:site_name\" content=\"Elina Tanskanen valokuvaus\" \/>\n<meta property=\"article:modified_time\" content=\"2026-01-28T19:08:50+00:00\" \/>\n<meta name=\"twitter:card\" content=\"summary_large_image\" \/>\n<meta name=\"twitter:label1\" content=\"Arvioitu lukuaika\" \/>\n\t<meta name=\"twitter:data1\" content=\"5 minuuttia\" \/>\n<script type=\"application\/ld+json\" class=\"yoast-schema-graph\">{\"@context\":\"https:\/\/schema.org\",\"@graph\":[{\"@type\":\"WebPage\",\"@id\":\"https:\/\/ellutanskanen.fi\/\",\"url\":\"https:\/\/ellutanskanen.fi\/\",\"name\":\"Etusivu - Elina Tanskanen valokuvaus\",\"isPartOf\":{\"@id\":\"https:\/\/ellutanskanen.fi\/#website\"},\"datePublished\":\"2025-07-01T19:29:01+00:00\",\"dateModified\":\"2026-01-28T19:08:50+00:00\",\"breadcrumb\":{\"@id\":\"https:\/\/ellutanskanen.fi\/#breadcrumb\"},\"inLanguage\":\"fi\",\"potentialAction\":[{\"@type\":\"ReadAction\",\"target\":[\"https:\/\/ellutanskanen.fi\/\"]}]},{\"@type\":\"BreadcrumbList\",\"@id\":\"https:\/\/ellutanskanen.fi\/#breadcrumb\",\"itemListElement\":[{\"@type\":\"ListItem\",\"position\":1,\"name\":\"Home\",\"item\":\"https:\/\/ellutanskanen.fi\/\"},{\"@type\":\"ListItem\",\"position\":2,\"name\":\"Etusivu\"}]},{\"@type\":\"WebSite\",\"@id\":\"https:\/\/ellutanskanen.fi\/#website\",\"url\":\"https:\/\/ellutanskanen.fi\/\",\"name\":\"Elina Tanskanen valokuvaus\",\"description\":\"\",\"potentialAction\":[{\"@type\":\"SearchAction\",\"target\":{\"@type\":\"EntryPoint\",\"urlTemplate\":\"https:\/\/ellutanskanen.fi\/?s={search_term_string}\"},\"query-input\":{\"@type\":\"PropertyValueSpecification\",\"valueRequired\":true,\"valueName\":\"search_term_string\"}}],\"inLanguage\":\"fi\"}]}<\/script>\n<!-- \/ Yoast SEO plugin. -->","yoast_head_json":{"title":"Etusivu - Elina Tanskanen valokuvaus","robots":{"index":"index","follow":"follow","max-snippet":"max-snippet:-1","max-image-preview":"max-image-preview:large","max-video-preview":"max-video-preview:-1"},"canonical":"https:\/\/ellutanskanen.fi\/","og_locale":"fi_FI","og_type":"article","og_title":"Etusivu - Elina Tanskanen valokuvaus","og_description":"&nbsp; &nbsp;Unelma valokuvaamisesta. Suurista ja pienist\u00e4 hetkist\u00e4, juuri sinusta. Ihana ett\u00e4 l\u00f6ysit sivuilleni.\u00a0 Haluan ikuistaa valokuvien muodossa Sinut. Perheesi, lapsesi. Onnet, rakkaudet, surut, muutokset, juhlat. N\u00e4ytt\u00e4\u00e4 miten ihmeellisi\u00e4 ovat ne vilahtavat hymyt, kiprist\u00e4v\u00e4t varpaat ja toisen k\u00e4den suojassa oleva k\u00e4si.\u00a0 Otathan yhteytt\u00e4, jos haluat l\u00e4hte\u00e4 kanssani luomaan jotain ainutlaatuista. Lupaan antaa kaikkeni sille hetkelle. Sinulle. [&hellip;]","og_url":"https:\/\/ellutanskanen.fi\/","og_site_name":"Elina Tanskanen valokuvaus","article_modified_time":"2026-01-28T19:08:50+00:00","twitter_card":"summary_large_image","twitter_misc":{"Arvioitu lukuaika":"5 minuuttia"},"schema":{"@context":"https:\/\/schema.org","@graph":[{"@type":"WebPage","@id":"https:\/\/ellutanskanen.fi\/","url":"https:\/\/ellutanskanen.fi\/","name":"Etusivu - Elina Tanskanen valokuvaus","isPartOf":{"@id":"https:\/\/ellutanskanen.fi\/#website"},"datePublished":"2025-07-01T19:29:01+00:00","dateModified":"2026-01-28T19:08:50+00:00","breadcrumb":{"@id":"https:\/\/ellutanskanen.fi\/#breadcrumb"},"inLanguage":"fi","potentialAction":[{"@type":"ReadAction","target":["https:\/\/ellutanskanen.fi\/"]}]},{"@type":"BreadcrumbList","@id":"https:\/\/ellutanskanen.fi\/#breadcrumb","itemListElement":[{"@type":"ListItem","position":1,"name":"Home","item":"https:\/\/ellutanskanen.fi\/"},{"@type":"ListItem","position":2,"name":"Etusivu"}]},{"@type":"WebSite","@id":"https:\/\/ellutanskanen.fi\/#website","url":"https:\/\/ellutanskanen.fi\/","name":"Elina Tanskanen valokuvaus","description":"","potentialAction":[{"@type":"SearchAction","target":{"@type":"EntryPoint","urlTemplate":"https:\/\/ellutanskanen.fi\/?s={search_term_string}"},"query-input":{"@type":"PropertyValueSpecification","valueRequired":true,"valueName":"search_term_string"}}],"inLanguage":"fi"}]}},"_links":{"self":[{"href":"https:\/\/ellutanskanen.fi\/index.php?rest_route=\/wp\/v2\/pages\/296","targetHints":{"allow":["GET"]}}],"collection":[{"href":"https:\/\/ellutanskanen.fi\/index.php?rest_route=\/wp\/v2\/pages"}],"about":[{"href":"https:\/\/ellutanskanen.fi\/index.php?rest_route=\/wp\/v2\/types\/page"}],"author":[{"embeddable":true,"href":"https:\/\/ellutanskanen.fi\/index.php?rest_route=\/wp\/v2\/users\/1"}],"replies":[{"embeddable":true,"href":"https:\/\/ellutanskanen.fi\/index.php?rest_route=%2Fwp%2Fv2%2Fcomments&post=296"}],"version-history":[{"count":41,"href":"https:\/\/ellutanskanen.fi\/index.php?rest_route=\/wp\/v2\/pages\/296\/revisions"}],"predecessor-version":[{"id":918,"href":"https:\/\/ellutanskanen.fi\/index.php?rest_route=\/wp\/v2\/pages\/296\/revisions\/918"}],"wp:attachment":[{"href":"https:\/\/ellutanskanen.fi\/index.php?rest_route=%2Fwp%2Fv2%2Fmedia&parent=296"}],"curies":[{"name":"wp","href":"https:\/\/api.w.org\/{rel}","templated":true}]}}